+ 5*h**2 - 2*h + 4. Calculate d(4).
12
Let n(r) = 3*r**2 + 97*r + 114. What is n(-31)?
-10
Let q(t) = -12*t + 3. Determine q(-1).
15
Let m(d) = 2*d - 5. Give m(-2).
-9
Let z(l) = -l**3 + 5*l**2 + 2*l - 6. Calculate z(6).
-30
Let x(h) = h**2 + 18*h - 17. Give x(-18).
-17
Let r(k) = -3*k - 6. Calculate r(-5).
9
Let t(j) = -j**2 + 8*j - 4. Calculate t(5).
11
Let i(k) = -k - 9. Give i(-6).
-3
Let t(z) = -z**3 + 5*z. Calculate t(3).
-12
Let c(g) = -g - 9. Give c(8).
-17
Let z(b) = b**3 + 21*b**2 + 19*b - 36. Determine z(-20).
-16
Let r(z) = -z**3 - 5*z**2 - 3*z + 6. Give r(-4).
2
Let w(y) = -y**3 + 8*y**2 + 5*y + 31. What is w(9)?
-5
Let s(c) = -7*c**2 + 20*c + 9. Determine s(3).
6
Let p(y) = y**3 - 7*y**2 + 3. Determine p(7).
3
Let q(c) = -c**3 - 34*c**2 - 32*c + 62. What is q(-33)?
29
Let x(q) = -q**3 - 7*q**2 + 7*q. Determine x(-8).
8
Let a(h) = h**3 + 2*h**2 + 3. Determine a(-3).
-6
Let v(l) = l**3 - 13*l**2 - 13*l - 15. Give v(14).
-1
Let y(j) = 212*j + 214. Determine y(-1).
2
Let d(j) = -2*j - 7. Determine d(10).
-27
Let n(t) = -2*t - 21. What is n(0)?
-21
Let i(p) = 31*p + 150. Give i(-5).
-5
Let u(z) = -z**3 - 11*z**2 - 7*z + 3. What is u(-10)?
-27
Let w(z) = -z**2 + 21*z - 91. Give w(5).
-11
Let k(y) = -y**3 - 6*y**2 - 6*y + 11. Calculate k(-4).
3
Let n(o) = 6*o - 43. Give n(7).
-1
Let c(p) = 4*p**3 + p**2 - 1. Determine c(-1).
-4
Let z(x) = -11*x**2 + 462*x - 1. Calculate z(42).
-1
Let l(f) = -8*f**2 - 114*f - 32. Determine l(-14).
-4
Let a(w) = 10*w + 151. Give a(-12).
31
Let g(w) = -w**2 - 2*w + 5. Determine g(4).
-19
Let r(y) = 6*y + 3. Give r(-1).
-3
Let l(k) = -25*k**3 - k**2 - k. Give l(-1).
25
Let w(i) = -6*i**3 + 38*i**2 - 11*i - 2. Determine w(6).
4
Let g(b) = -3*b**2 + 5*b - 3. Calculate g(4).
-31
Let y(r) = r**2 - 8*r + 4. Calculate y(8).
4
Let a(x) = -x**2 - 5*x + 35. Calculate a(8).
-69
Let j(v) = -v**2 - 18*v + 26. Calculate j(-19).
7
Let v(o) = 2*o**2 + 74*o + 92. Give v(-35).
-48
Let l(c) = c - 12. Give l(14).
2
Let m(j) = -j**3 + 3*j**2 - j + 10. Give m(3).
7
Let u(z) = -z**3 - 15*z**2 + 14*z - 35. What is u(-16)?
-3
Let j(i) = 2*i**2 - 69*i - 40. Determine j(35).
-5
Let p(k) = 17*k**2 - 13*k + 27. Calculate p(2).
69
Let c(g) = -g**2 + 34*g - 97. What is c(31)?
-4
Let w(a) = -a**2 - 12*a + 9. What is w(-11)?
20
Let a(l) = l**3 - 7*l**2 + 4*l + 6. What is a(6)?
-6
Let k(g) = 26*g - 27. Determine k(1).
-1
Let d(g) = -36*g**3 - 3*g**2 + 2. Determine d(1).
-37
Let h(s) = -2*s**2 - 37*s + 70. What is h(-20)?
10
Let p(o) = o**2 - 3*o + 3. Give p(2).
1
Let j(p) = 20*p - 134. Determine j(7).
6
Let x(o) = -o**3 + 10*o**2 - 27*o + 36. Give x(7).
-6
Let r(j) = -j**2 - j + 9. Determine r(6).
-33
Let o(a) = a**2 + 3*a - 12. What is o(-5)?
-2
Let b(a) = -2*a**3 + 4*a**2 - 3*a - 1. Determine b(2).
-7
Let c(v) = -2*v**2 - 29*v + 16. Determine c(-13).
55
Let g(t) = t**3 + t**2 + 4*t + 4. What is g(-2)?
-8
Let a(b) = 15*b + 4. Calculate a(4).
64
Let s(a) = 2*a**2 - 9*a. What is s(4)?
-4
Let z(c) = 4*c. What is z(1)?
4
Let z(n) = 2*n**2 - n + 79. Determine z(0).
79
Let g(a) = 84*a + 595. Determine g(-7).
7
Let c(y) = y - 71. What is c(0)?
-71
Let c(x) = x**2 - 2*x - 66. Determine c(0).
-66
Let j(w) = 3*w + 16. Give j(-19).
-41
Let w(o) = -o**3 + o**2 + 29. What is w(0)?
29
Let o(r) = -r**3 + 16*r**2 - 14*r - 11. Determine o(15).
4
Let a(v) = 2*v - 60. What is a(18)?
-24
Let c(n) = 10*n**3 + n**2 - n + 1. Determine c(1).
11
Let o(u) = 12*u - 81. Give o(10).
39
Let b(w) = w**3 + 17*w**2 - 12*w + 95. What is b(-18)?
-13
Let b(q) = -q**2 + 3*q + 4. Give b(-3).
-14
Let i(u) = 2*u**2 - u - 14. Determine i(-5).
41
Let l(d) = -d**3 - 15*d**2 + 33*d - 16. What is l(-17)?
1
Let s(b) = -10*b**2 - b + 1. What is s(1)?
-10
Let y(d) = -2*d**2 + 40*d - 32. Calculate y(19).
6
Let w(s) = -s - 53. Calculate w(-43).
-10
Let s(r) = -2*r - 1. What is s(5)?
-11
Let r(k) = -k**2 - 2*k. Give r(1).
-3
Let g(w) = -2*w**2 + 49*w - 23. Determine g(24).
1
Let b(j) = 4*j - 23. Calculate b(8).
9
Let t(r) = 12*r - 59. Determine t(8).
37
Let v(u) = u**3 + 14*u**2 + 9*u + 72. Give v(-14).
-54
Let g(d) = -65*d**3 + d**2 + d - 1. Give g(1).
-64
Let u(j) = -j - 109. Determine u(-8).
-101
Let w(d) = -d**3 - 8*d**2 - 3. What is w(-8)?
-3
Let f(w) = 54*w - 5. Give f(0).
-5
Let x(h) = -8*h**2 - 62*h + 61. What is x(1)?
-9
Let n(w) = -w + 20. What is n(15)?
5
Let m(h) = -5*h**2 + 97*h + 49. Calculate m(20).
-11
Let u(f) = -f**3 + 5*f + 6. What is u(-2)?
4
Let i(p) = p**2 + 26*p + 118. Determine i(-15).
-47
Let w(l) = -9*l + 9. Give w(3).
-18
Let s(t) = t**2 + 9*t + 2. Calculate s(-7).
-12
Let s(a) = -2*a**3 - 30*a**2 - 15*a + 25. What is s(-14)?
-157
Let r(n) = 39*n - 4. Determine r(-2).
-82
Let m(c) = -c**3 - 24*c**2 + 26*c + 34. Calculate m(-25).
9
Let g(w) = -w**3 + 15*w**2 - w - 6. Give g(15).
-21
Let b(a) = a**2 - a + 17. Give b(0).
17
Let b(c) = c**3 - 7*c**2 - 3*c + 21. Calculate b(7).
0
Let b(j) = -j - 10. Determine b(-11).
1
Let b(v) = v**2 - 4*v - 178. Calculate b(-10).
-38
Let s(p) = p**2 - 11*p + 8. Calculate s(6).
-22
Let a(o) = o**2 + 4*o - 1. Give a(-6).
11
Let v(l) = 8*l + 279. Determine v(-38).
-25
Let o(t) = 6*t - 10. Give o(-5).
-40
Let j(o) = -31*o + 17. Determine j(1).
-14
Let i(k) = -k**3 - 4*k**2 - 4*k + 2. Determine i(-3).
5
Let s(i) = i**2 + 22*i - 9. What is s(-22)?
-9
Let s(l) = l + 5. Calculate s(0).
5
Let b(n) = n**2 - 5*n - 85. Give b(-7).
-1
Let u(z) = z + 27. Give u(-15).
12
Let o(v) = -2*v**2 + 14*v - 8. Calculate o(6).
4
Let i(p) = 3*p**2 + 35*p + 65. Give i(-2).
7
Let i(d) = -4*d - 17. What is i(-5)?
3
Let s(j) = -j**3 + 25*j**2 + 53*j + 29. What is s(27)?
2
Let c(d) = -d**2 + 8*d - 23. Determine c(10).
-43
Let z(y) = y**2 - 15*y - 75. Calculate z(19).
1
Let b(j) = -j**2 - 28*j + 35. What is b(-29)?
6
Let m(q) = 2*q**2 + 26*q + 85. Calculate m(-8).
5
Let b(r) = 12*r - 37. Determine b(3).
-1
Let i(k) = -2*k + 2. Calculate i(-6).
14
Let l(y) = -y**3 + 2*y**2 + 2*y + 4. Determine l(3).
1
Let r(u) = u**3 + 3*u**2 - 7*u - 7. Give r(4).
77
Let p(k) = -k**3 + 34*k**2 + 150*k + 76. Calculate p(38).
0
Let n(z) = z**3 - 12*z**2 - 3*z + 13. Determine n(12).
-23
Let i(r) = -r**2 - r + 1. Calculate i(5).
-29
Let v(w) = 2*w**3 - 3*w**2 - 6*w + 1. Give v(4).
57
Let n(r) = 2*r**2 + 8*r + 13. Determine n(-3).
7
Let y(o) = -o**2 + 18*o - 17. Determine y(7).
60
Let q(y) = -2*y + 38. What is q(18)?
2
Let t(j) = -17*j - 2. Give t(-2).
32
Let h(b) = -b + 81. Give h(22).
59
Let x(c) = c**2 + 5*c - 5. What is x(3)?
19
Let z(c) = -2*c**3 + 2*c**2 + 4*c + 36. What is z(0)?
36
Let s(a) = -a + 13. Determine s(21).
-8
Let y(b) = -30*b + 325. Give y(11).
-5
Let b(c) = -8*c. Determine b(1).
-8
Let c(d) = d**2 - 20*d + 78. Determine c(14).
-6
Let g(t) = -t**3 + 7*t**2 - 14*t + 8. Give g(5).
-12
Let v(x) = -3*x**2 + 24*x - 63. Calculate v(6).
-27
Let r(v) = v**3 + 18*v**2 + 44*v - 15. Give r(-15).
0
Let w(c) = -c**3 + 2*c**2 + 2*c + 1. What is w(-1)?
2
Let h(j) = j**3 - 15*j**2 + 33*j + 24. Determine h(12).
-12
Let n(m) = 6*m - 8. Give n(4).
16
Let h(i) = -i**3 + 9*i**2 - i - 4. Give h(9).
-13
Let n(v) = 6*v - 22. Determine n(3).
-4
Let s(a) = -a**2 - 17*a + 398. Calculate s(-30).
8
Let q(b) = b**3 + 9*b**2 + 3*b - 2. Determine q(-9).
-29
Let q(z) = -5*z - 45. Give q(-13).
20
Let a(r) = 6*r + 5. Calculate a(-2).
-7
Let g(t) = 3*t**2 + 6*t + 7. What is g(-5)?
52
Let w(k) = -2*k + 2. Determine w(4).
-6
Let l(w) = -14*w + 5. What is l(-1)?
19
Let g(k) = 11*k + 4. Give g(-3).
-29
Let y(r) = -r**2 + 16*r + 21. Give y(12).
69
Let w(o) = -o**2 + 33*o - 2. Calculate w(0).
-2
Let c(z) = -14*z + 100. Determine c(7).
2
Let z(u) = -8*u + 4. Calculate z(-4).
36
Let s(r) = -r - 14. Determine s(-6).
-8
Let x(c) = -c**2 - 10*c - 24. What is x(-7)?
-3
Let v(x) = -x**3 - 5*x**2 - 3*x - 2. Determine v(-5).
13
Let j(h) = h**2 + 10*h - 7. Determine j(-9).
-16
Let n(a) = 3*a**2 - 2*a - 4. What is n(3)?
17
Let c(p) = -2*p + 22. Give c(10).
2
Let g(m) = 4*m + 6. Calculate g(4).
22
Let h(o) = -o - 2. Determine h(-9).
7
Let y(b) = -b**3 + b**2 + 5*b - 7. Calculate y(2).
-1
Let l(b) = -18*b - 5. Determine l(-4).
67
Let l(t) = -5*t - 52. Determine l(-7).
-17
Let g(f) = 3*f**3 + 2*f**2 + 2*f - 1. Calculate g(-1).
-4
Let w(m) = m**2 - m + 18. What is w(0)?
18
Let y(k) = -k - 8. What is y(-7)?
-1
Let w(f)